ose 0 = -4*t - 43 + p. What is the greatest common factor of v and t?
14
Suppose 1252 = 6*v - 476. What is the greatest common factor of v and 16?
16
Let w(k) be the first derivative of -k**4/4 + 7*k**3/3 - 3*k**2 + 4*k + 2. Let h be w(6). What is the greatest common divisor of h and 2?
2
Let z be (-51)/(-6) + (-2)/4. Let m be 10/(-4)*z/(-10). Let w = 0 - -6. Calculate the greatest common divisor of m and w.
2
Let j be (-1)/(1/(-2)) - 0. Suppose -20 - 19 = -3*x. Suppose 3 = -q + x. What is the highest common divisor of q and j?
2
Let z(l) = 2*l - 36. Let m be z(0). Let y = 59 + m. What is the greatest common divisor of y and 253?
23
Suppose -4*o - 3*q = -17, -q + 27 = o + 3*o. What is the greatest common divisor of o and 8?
8
Let u(w) = w**3 - w**2 - w + 18. Let y(a) = -a**2 + 8*a + 9. Let m be y(9). Let s be u(m). What is the greatest common divisor of s and 90?
18
Let g = 21 - 13. Suppose -4*n = 2*w - 22, 2*w = -2*n - g + 22. What is the highest common divisor of 44 and n?
4
Suppose -3*o + 5*x + 33 = 0, -o = -2*x - 3*x - 21. Suppose -25 = -5*j, -5*i = j + 4*j - 55. Calculate the highest common divisor of i and o.
6
Suppose 134 = u - 3*p, 3*u - 4*p = 5*u - 288. Let i = -27 - -47. What is the highest common divisor of u and i?
20
Suppose 0 = -3*x - 2*x + 225. Let v(s) = -4*s + 12*s + s**2 + 0 + 2 + 4. Let w be v(-9). What is the greatest common divisor of w and x?
15
Let p(r) = -2*r**2 + 20*r + 3. Let z be p(10). Calculate the greatest common divisor of z and 9.
3
Let t = -91 - -97. Calculate the highest common factor of 48 and t.
6
Let i = -6 - -18. Suppose -480 = -0*x - 3*x. Suppose -3*n = -484 + x. Calculate the greatest common divisor of i and n.
12
Suppose -100 = -h + 2*p + p, 2*p = 5*h - 448. Calculate the greatest common factor of 11 and h.
11
Let p = 13 + 1. Let t(a) = -2*a - 35. Let g be t(-21). Calculate the highest common factor of p and g.
7
Let c = 9 - -22. Suppose 5*y = -4*k + c, -2*k + 4*k - 8 = -4*y. What is the highest common divisor of k and 112?
14
Let u = -16 - -10. Let n be 1 + 1 + u/3. Suppose n = -6*h + h + 720. What is the highest common divisor of 18 and h?
18
Let a be (2/2)/((-2)/(-10)). Let c = a + 37. Let s = c + -30. What is the highest common factor of s and 96?
12
Suppose 5 = -2*n + 3*n. What is the greatest common factor of n and 35?
5
Suppose 5*s + 5*g - 195 = 0, -4*s + g + 33 = -3*s. Suppose 4*u - 99 - s = -3*l, -l = 2*u - 69. What is the highest common divisor of 9 and u?
9
Let p(c) = c**2 + 7*c - 5. Let n be p(-8). Let r be n/(-2)*(-5 - -7). Let a = r + 25. What is the highest common factor of a and 2?
2
Let h be (4/6)/((-1)/(-33)). Let c = 192 - 137. What is the greatest common factor of h and c?
11
Let v = -45 - -69. Let l = -3 - -11. Calculate the highest common divisor of v and l.
8
Let s be ((-1)/(-2))/(1/(-16)). Let z be 10/s + (-2)/(-8). Let r(i) = 15*i**2 + i. Let n be r(z). Calculate the greatest common factor of n and 28.
14
Let s be 15/5 + 0 - -14. Calculate the highest common factor of s and 136.
17
Let f be 8/(24/15) - -6. Calculate the greatest common factor of f and 99.
11
Suppose 104 = -3*x + d + 330, 0 = -2*x + 4*d + 154. Let z be 0*3/(-9) + 15. Calculate the greatest common factor of z and x.
15
Suppose 7*q = 10*q - 24. Suppose m - 22 = q. Calculate the greatest common divisor of 20 and m.
10
Let n be 22/(2/8 + 0/2). What is the highest common factor of 22 and n?
22
Let u(i) be the second derivative of i**3/2 + i**2 + 3*i. Let a be u(4). What is the greatest common divisor of 7 and a?
7
Suppose -f = -4*c - 22, 3 = -c + 1. Calculate the greatest common factor of f and 28.
14
Suppose 2*c = -2*c + 48. Suppose -2*k + 8 = 0, -k = -5*q - 5 + 21. Calculate the highest common factor of q and c.
4
Suppose 0 = m - 4*s - 14, 10 = -m + s - 5*s. Suppose 0 = 8*d - 4*d - 5*x - 34, -4*x + 22 = 5*d. Calculate the highest common factor of m and d.
2
Let k = 190 - 55. Let w = k + -63. Calculate the greatest common divisor of 9 and w.
9
Let u = -1 + 16. Calculate the highest common divisor of 60 and u.
15
Let z = -7 + 19. What is the greatest common factor of 108 and z?
12
Let j(g) = -g**3 - 6*g**2 - 2*g - 9. Let x be j(-7). Let s be (4/(-6))/(1/(-6)). Let q be s/(-12) + (-19)/(-3). What is the highest common factor of x and q?
6
Let h be (-262)/(-8) - 1/(-4). Let i be 608/28 - 6/(-21). Calculate the highest common factor of i and h.
11
Let a(i) = -i**3 + 5*i**2. Let h be a(5). Suppose -b - 5*o - 20 = 0, -4*b - 5 = -h*b - 5*o. Let d = b + 8. Calculate the highest common divisor of 15 and d.
3
Suppose 0 = w - 0 - 1. What is the highest common factor of w and 1?
1
Let s(o) = o + 5. Let l be s(0). Let m = l - -3. Let y be 32/12*(2 + 1). Calculate the highest common divisor of y and m.
8
Let h = -30 - -70. Let y be 22/(-2 - (-2 - 2)). Let m = y + -6. Calculate the greatest common divisor of m and h.
5
Let m = 36 - 30. What is the highest common divisor of 4 and m?
2
Suppose -7*k - 57 = -162. What is the greatest common factor of 10 and k?
5
Suppose -11 = 2*c - 5*b, 4*c - c + 3*b - 36 = 0. Calculate the greatest common divisor of 28 and c.
7
Let h(p) = -p**2 - 16*p + 3. Let x be h(-16). What is the greatest common factor of x and 21?
3
Let p(n) be the first derivative of 12*n**4 - n**3/3 + n**2/2 + 3. Let t be p(1). Calculate the greatest common divisor of 6 and t.
6
Suppose -33*j = -31*j - 10. Suppose 0*p + 10 = 5*p. Calculate the greatest common divisor of j and p.
1
Let g(r) = -r**3 + r**2 - 4*r**2 + 8 - 2 + r**2 - 8*r. Let o be g(-6). What is the highest common factor of o and 18?
18
Let f(b) = 99*b. Let v be 10/6 + (-8)/12. Let i be f(v). Let n = -1 + 10. What is the highest common factor of i and n?
9
Let u(k) = k**3 + 7*k**2 - 11*k - 10. Let i be u(-8). Suppose -10 = -3*m + l, -m - 5*l = -16 - i. What is the highest common factor of m and 55?
5
Let g(u) = -u**2 - 6*u + 15. Let d be g(-7). Calculate the greatest common divisor of 8 and d.
8
Suppose -3*j = -2*j, -144 = -4*k - 5*j. Suppose -2*c + 3*c = 24. What is the highest common divisor of k and c?
12
Let u be 68/7 - (-2)/7. Let o be (-4)/2 - (-26 + 1). Let a = o - 13. What is the highest common factor of u and a?
10
Suppose 5*h - 789 = -19. What is the greatest common factor of 14 and h?
14
Let u(q) = 3*q**2 + 11*q - 12. Let l be u(-11). Calculate the greatest common divisor of l and 10.
10
Let z be -3 - 0 - (1 - -17). Let d be z*4/8*-10. Calculate the greatest common factor of d and 15.
15
Suppose -1 - 5 = -2*o. Suppose 3*n - 34 = -2*z, -o*n - 2*n = -z - 9. Calculate the greatest common divisor of z and 77.
11
Let m be 7/(-2)*(-56)/4. What is the greatest common divisor of 539 and m?
49
Suppose -t + 4*t - h = 31, -h = 2*t - 19. Let s be 43/2 + t/20. Calculate the highest common factor of 11 and s.
11
Suppose 4*u - 371 = -3*x, -6*u + u + 5*x + 490 = 0. What is the highest common factor of 19 and u?
19
Let v = 128 - 229. Let i = v - -20. Let p = -42 - i. What is the greatest common factor of p and 13?
13
Let i(q) = q**3 - 8*q**2 + q - 4. Let v be i(8). Let u = 0 + v. Calculate the highest common factor of 2 and u.
2
Let m(l) be the third derivative of l**5/30 - l**4/6 - 3*l**2. Let s be m(3). Let k = 7 - s. What is the highest common factor of 4 and k?
1
Let o(m) be the second derivative of 5*m**4/12 + 2*m**3/3 + m**2 - 7*m. Let d be o(-2). Calculate the highest common factor of 42 and d.
14
Let b = 29 + -185. Let q be (14/3)/((-8)/b). What is the highest common divisor of q and 13?
13
Let f(g) = 5*g - 3. Suppose 2*d = 7*d - 20. Let n be f(d). Calculate the highest common factor of 34 and n.
17
Suppose -9*m + 30 = -6*m. Let c = 196 - 126. What is the highest common divisor of c and m?
10
Let n = 355 - 203. Calculate the highest common factor of n and 8.
8
Suppose -3*f + 7*f = 132. Let y be 34/6 - -5 - 1/(-3). What is the greatest common factor of f and y?
11
Let x(j) = j**3 + 9*j**2 + 3*j + 5. Suppose u + o + 0 = -2, 3*o = -5*u - 18. Let k be x(u). Suppose r + 57 = 4*r. What is the greatest common factor of k and r?
19
Let i(j) = -2*j - 8. Let x be i(-7). Let c = 40 - x. Let o = 58 - c. Calculate the greatest common divisor of o and 16.
8
Suppose 4*z - 160 + 56 = 0. Let h = -10 + z. Calculate the highest common divisor of h and 128.
16
Suppose 0 = 5*h 